*a + 0*a + 0*a**2. Let h(m) = 72*m + 142. Let l be h(-2). Determine w(l).
-6
Let u(w) be the first derivative of -w**3/3 + 3*w**2 + 2*w + 86. Calculate u(7).
-5
Let i(z) = -z**3 + 11*z**2 - 13*z + 32. Let h be i(10). Let u(f) = 0*f**h + 2*f - 5*f**2 - 8*f + 3 + 5*f + f**3. Calculate u(4).
-17
Let v be (3 - (-30)/(-8))*-4. Suppose -6 - v = -3*s. Let m(y) = -s*y - 2 + 0*y**2 + y**2 + 0*y. What is m(4)?
2
Let s = -13 - -18. Let b(o) = -3 - o**3 + 0*o + 3*o - o**2 + s. Suppose 3*g - 4*g - 3*f - 8 = 0, 4*g - 5*f = 2. Calculate b(g).
0
Let v be (-4 + (-26)/(-5))/(15/25). Let a(z) be the first derivative of 1/2*z**v - 1/4*z**4 - 1/3*z**3 + z + 5. Determine a(0).
1
Let w(v) = v**3 - 5*v**2 - 13*v - 5. Let g be w(7). Let m(b) = 1 - 4 - 4 + b**g - 5*b. Let z(a) = -2*a - 7. Let k be z(-6). Determine m(k).
-7
Let c(j) = 6*j - 20. Let s be c(4). Suppose 5*z = 2*y - s, -2*y = 2*y - 5*z - 8. Let q(w) = -w**2 + 2*w - 3. Give q(y).
-3
Let b(i) = 6*i + 4 + 0 + 9 - 12. Calculate b(-2).
-11
Let c be (-2)/(-1)*2/2. Let k = c + 5. Let j(s) = -3*s**2 + 10 - 4*s**2 - 9*s + 11*s**2 - 3*s**2. What is j(k)?
-4
Let i(j) = j**2 + j - 2. Suppose 5*d - 16 = 4*b - 3*b, -2*d - 8 = 0. Let q be (b/(-27))/((-4)/(-6)). Give i(q).
4
Suppose 0 = -0*g - 4*g - 20. Let t(w) be the second derivative of 32*w + 0*w**2 + 0 + 1/3*w**3. Determine t(g).
-10
Let n be 102/24 - 1/4. Suppose 0 = 5*z + 16 + 9, -n*z = -i + 22. Let w(q) = -4*q + 0*q**2 + i*q**2 + 6 - q**2. Give w(4).
6
Let d(k) = 2*k**3 - 4*k**2 + 2*k. Let g(f) = -f + 7. Suppose -5*n + 15 = -5. Let h be g(n). Let o be -1 + h + (1 - 1). Determine d(o).
4
Suppose 0 = k + 2 - 4. Let b(n) = 0*n + n + 0*n**2 + 2*n**k - n**2. Calculate b(0).
0
Let f(c) = c**3 + c**2 - 5. Let l be f(0). Let o(t) = -t**2 - 8*t - 9. Determine o(l).
6
Suppose 0 = -m + 4*d + d + 23, m + 2*d = -5. Suppose m = x + 2. Let a(b) = -3 + 3 - 2*b - x + b. Calculate a(-6).
5
Let b(d) = -13*d - 9. Let u(f) = 16*f + 10. Let j(t) = -5*b(t) - 4*u(t). What is j(-14)?
-9
Suppose 3*m + 0*j - 4*j - 53 = 0, 0 = m - 5*j - 25. Let q(y) = -y**2 + 15*y + 3. What is q(m)?
3
Let s(t) = -6*t - 9*t + 18*t - 1 - 2. Let j be s(3). Let c(y) = 7*y**2 + 12*y - 1. Let g(p) = -13*p**2 - 23*p + 1. Let h(b) = j*g(b) + 11*c(b). Calculate h(-5).
0
Let r(z) = 9*z**3 + z**2 - z - 1. Suppose 5*j = -5*s + s + 22, 2*s = -3*j + 14. Let c be (j - 5)/((-1)/2). Let w be 5/(-5) + 2 + c. Calculate r(w).
-8
Let g(m) = -5*m + 56. Let s be g(13). Let k(w) = -w**3 - 9*w**2 - w. Calculate k(s).
9
Let w(v) = -v**3 + 7*v**2 + 2*v + 9. Let o(r) = 2*r**3 - 2*r - 5. Let h be o(2). Give w(h).
23
Let r(g) be the third derivative of -g**6/120 + g**5/12 - 7*g**4/24 + 2*g**3/3 - 13*g**2 + 1. Calculate r(4).
-8
Let i(p) be the first derivative of -p**5/20 - p**4/3 - p**3/6 + p**2 + 19*p + 19. Let b(r) be the first derivative of i(r). Calculate b(-2).
-4
Let n(i) = -4*i**2 - i. Let w(h) = -20*h - 1. Let q be w(-1). Let p = 38 + -56. Let u = p + q. Calculate n(u).
-5
Let b(w) = -w**2 + 7*w + 3. Suppose 6*z - 16 = 8. Suppose -9*i - z = -58. Determine b(i).
9
Let r(d) = 23*d**2 - 5. Let i = -20 - -35. Suppose -i = 2*w + c, -2*w - 15 = 2*w - c. Let s(v) = 15*v**2 - 3. Let n(x) = w*r(x) + 8*s(x). Give n(1).
6
Let m(c) be the third derivative of 11*c**6/360 - c**5/120 + c**4/24 - 11*c**3/6 - 10*c**2. Let b(z) be the first derivative of m(z). Give b(1).
11
Let b be 4*3/16 + (-3)/4. Let s(z) = -z**3 + z**2 - 11. Calculate s(b).
-11
Let n(r) = r + 9. Let g be n(-10). Let y(b) be the second derivative of -5*b**4/3 + b**2/2 - 4*b + 1. What is y(g)?
-19
Let f(q) = -4*q**2 + 12*q + 14. Let k(b) = 3*b**2 - 11*b - 12. Let g(y) = 4*f(y) + 5*k(y). What is g(-5)?
6
Suppose 4*g + 12 + 0 = 0, g = 3*o - 18. Let y be 13/65 + 2/(-10) - -2. Let b(d) = -2 - y*d + o*d - d. What is b(-3)?
-8
Let u(h) = 2*h**2 + 5*h + 3. Let z be u(-3). Let g(d) = 2*d - z*d - 10 + 2*d + d. Let k be (-1 - -1)/(5 + -3). Give g(k).
-10
Let y(h) be the first derivative of h**2/2 - h - 166. Calculate y(2).
1
Let a(d) = 2*d. Let s be a(0). Suppose -5*p - 3 = -4*b, 3*b - 4*p - 5 + 3 = s. Let j(o) = -o**3 + 2*o**2 - 3*o + 3. Give j(b).
-3
Let h be (-1 - 368/16) + 24. Let b(u) be the second derivative of u**5/20 + u**4/12 + u**3/6 + 3*u**2/2 - u. Give b(h).
3
Let x(h) = -1 + h + h**3 + 4*h**2 + 0*h**3 + 0. Let r(d) = -d**3 + 13*d**2 - 40*d + 32. Let p be r(9). Determine x(p).
-5
Let h(i) be the third derivative of -i**6/10 + i**5/60 + i**4/24 - i**3/6 - 2*i**2. Suppose 3*z - 8*z = -10. Let y be (z + 0 - 0)/((-4)/(-2)). Determine h(y).
-11
Suppose 3*c + 0*c - 16 = -5*i, 5*c + 3*i - 16 = 0. Let z(o) = 6*o. Let k(f) = -18*f. Let d(p) = 3*k(p) + 8*z(p). Calculate d(c).
-12
Let h(i) = 7*i**2 + 3*i + 3*i**3 - 4*i**3 - 4*i**2 + 7 - 2*i. Calculate h(4).
-5
Let l(b) = -b**2 - 4*b + 2. Let a(v) = 2*v**2 + 9*v - 4. Let p(w) = w + 11. Let c be p(-4). Let s(k) = c*l(k) + 4*a(k). Calculate s(-7).
-9
Let z(i) = -7*i + 11. Let y(v) = -2*v + 9. Let c(l) = 4*l - 19. Let q(s) = 6*c(s) + 13*y(s). Let r(g) = -22*q(g) + 6*z(g). What is r(4)?
8
Suppose 3*g + 6 = 0, 0 = 3*t + 2*t - 2*g - 39. Let j = -26 + t. Let z = 15 + j. Let h(r) = 3*r + 2. Calculate h(z).
-10
Let b(d) = -d**3 - 8*d**2 - 7*d - 5. Let s be 14/7*21/(-6). Let y be (70/15 + s)*1*3. What is b(y)?
-5
Let q(z) = -4*z - 3. Let s = 21 - -3. Suppose 6*f + s = -6. Calculate q(f).
17
Let i(g) = 9 - 4*g + 16*g - 10*g - 7*g. What is i(8)?
-31
Let n(p) = p**3 - 8*p**2 + 7*p + 1. Let a be n(7). Suppose 0 = 3*z + a + 5. Let u(k) be the third derivative of k**4/24 + 2*k**3/3 + 3*k**2. Calculate u(z).
2
Suppose -5 - 3 = 4*b. Let r(t) = -68*t**2 + 1 + 69*t**2 + 2*t**3 + 1. Calculate r(b).
-10
Let l(k) = -3*k**2 - 18*k + 11*k - 39*k - 2 + 5*k**2. Let x be l(23). Let w(p) = 2*p**2 + 2*p - 2. Give w(x).
2
Suppose 4*f + 22 = -2*k, -3*k - 7*f - 8 = -6*f. Let x(t) = -21*t**3 - t**2. What is x(k)?
20
Let u be 56/30 + 6/45. Suppose 0 = -4*b - s + 16, -u*s = -s - 4. Suppose m + 1 = 0, b*h + 35 = -m + 13. Let a(w) = -w**3 - 6*w**2 + 7*w + 3. Give a(h).
3
Suppose -i - 15 = -48. Let x = -34 + i. Let j(m) = 3*m**3 + 1. Give j(x).
-2
Let h(z) = 23*z**2 + 11. Let m(k) = 91*k**2 + 49. Let f(t) = 9*h(t) - 2*m(t). Calculate f(-1).
26
Let v = 4 + 0. Let h = 24 - 22. Let f(w) = 108*w**h + w**3 - 219*w**2 - 4 + 106*w**2 + 7*w. Calculate f(v).
8
Suppose -t = 2*t. Let o(x) = 10*x - 10. Let f(h) = 7*h - 7. Let n be ((7 - 3) + -3)*7. Let d(a) = n*f(a) - 5*o(a). Determine d(t).
1
Let m(n) = n**2 - 9*n - 8. Let v be m(10). Let w(f) = 6*f**2 - 3*f**2 - v*f - 4*f**2 + 0*f**2 + 4. Calculate w(-3).
1
Let g(v) = -3*v**2 + 2*v + 5. Suppose -3*k - 2*t - 2*t = 0, 4*t - 8 = -5*k. Give g(k).
-35
Let s(g) = 11*g**3 + g - 2. Suppose -5*o - 53 = -2*i - 60, i + 4 = 3*o. Determine s(o).
10
Let m(o) = o**2 - 2*o - 5. Let r = -181 - -187. Calculate m(r).
19
Let d(r) = 17*r. Let h(b) = -41*b - 1. Let m(g) = -5*d(g) - 2*h(g). Determine m(-1).
5
Suppose 50*d - 4*m = 53*d - 32, d - 11 = -m. Let k(o) be the second derivative of d*o + 0 - 2*o**2 + 1/6*o**3. Calculate k(-4).
-8
Let a(n) = n**3 + 6*n**2 - 8*n - 10. Let g be ((-35)/5 - 4) + 1 + 3. Give a(g).
-3
Let r = 32 - 17. Let i = 22 - r. Let k(z) = z + 1. Give k(i).
8
Let u(s) = s. Let l(k) = 2*k + 1. Let z be -4*5/(-10) - -9. Let q(f) = z*u(f) - 6*l(f). Calculate q(-5).
-1
Let r(z) be the third derivative of -z**5/20 + z**4/12 + z**3/6 - 4*z**2 + 7. Calculate r(3).
-20
Let k(w) = 21*w - 47. Let q(h) = -11*h + 24. Let z(n) = -3*k(n) - 5*q(n). Give z(4).
-11
Let f(m) = -2*m**2. Let y be f(1). Let v = y + 3. Let q(n) be the third derivative of n**5/60 - n**4/24 + n**3/6 - 1460*n**2 + 1. What is q(v)?
1
Let a(u) = -9*u**3 + 16*u**2 + 5*u + 11. Let v(o) = 7*o**3 - 14*o**2 - 3*o - 10. Let p(r) = 4*a(r) + 5*v(r). Give p(-7).
8
Let o(g) = -g**2 - 702*g + 354*g + 4 + 351*g. Calculate o(6).
-14
Suppose 2 + 2 = 2*q. Let f(h) = q + 2*h**2 - 7 - h**3 + 0 + 3*h - 7*h**2. Let o = -3 + -3. Give f(o).
13
Let n(b) = -b - 7. Let v = -234 - -213. Suppose 5*i + 111 = 36. Let z = v - i. Give n(z).
-1
Let q(n) = n**2 - 5*n + 32. Let d be q(6). Suppose -d = 6*x - 8. Let w(m) = 3*m + 6. Calculate w(x).
-9
Let m(j) = 7*j**3 - 41*j**2 + 2*j + 2. Let f(y) = -3*y**3 + 20*y**2 - y + 1. Let p(d) = -5*f(d) - 2*m(d). What is p(18)?
9
Let q(a) = 9*a**2 + 27*a - 3. Let n(c)